f 4920 and 248214.
246
What is the highest common divisor of 158 and 328?
2
Calculate the highest common factor of 21 and 1362207.
21
Calculate the highest common factor of 363 and 90409.
11
What is the highest common factor of 9905 and 70?
35
Calculate the highest common divisor of 679 and 110386.
97
What is the greatest common factor of 2156 and 2948?
44
What is the highest common divisor of 60 and 105675?
15
Calculate the highest common factor of 58098 and 690.
138
Calculate the highest common factor of 17 and 6953.
17
Calculate the highest common divisor of 13329 and 185125.
1481
What is the greatest common factor of 27333 and 153?
9
What is the highest common factor of 4858 and 1246?
14
Calculate the highest common divisor of 432676 and 92.
92
Calculate the greatest common divisor of 1632 and 4232.
8
What is the greatest common factor of 707 and 838906?
101
What is the highest common factor of 2121 and 2929?
101
What is the greatest common divisor of 30 and 184120?
10
Calculate the greatest common divisor of 56015 and 425.
85
Calculate the highest common factor of 4842 and 4302.
18
Calculate the greatest common divisor of 2435 and 55.
5
What is the greatest common divisor of 90266 and 154?
22
What is the highest common factor of 1384 and 211925?
173
Calculate the greatest common factor of 9070 and 416313.
907
What is the highest common divisor of 1098 and 36051?
183
Calculate the greatest common factor of 496 and 4892.
4
Calculate the greatest common factor of 23192 and 43262.
446
Calculate the greatest common divisor of 2453500 and 1400.
700
Calculate the greatest common divisor of 90396 and 372.
372
Calculate the highest common factor of 8721 and 23598.
513
Calculate the greatest common factor of 24 and 3009588.
12
Calculate the greatest common divisor of 73280 and 5.
5
What is the highest common factor of 155 and 21731?
31
What is the greatest common divisor of 47219 and 19?
1
What is the highest common factor of 113 and 646473?
113
What is the highest common divisor of 62217 and 1395?
279
What is the highest common factor of 6695848 and 976?
488
What is the highest common factor of 9477 and 241137?
1053
What is the greatest common factor of 60 and 47304?
12
What is the greatest common divisor of 3307671 and 36?
9
Calculate the greatest common divisor of 42292 and 2180.
436
Calculate the highest common divisor of 5345 and 205.
5
Calculate the greatest common divisor of 39 and 338.
13
What is the greatest common divisor of 24 and 36705?
3
What is the highest common factor of 12211 and 2?
1
What is the greatest common factor of 75 and 3308325?
75
What is the greatest common divisor of 1256067 and 729?
729
What is the highest common factor of 909 and 3225435?
303
What is the highest common divisor of 9270 and 32490?
90
Calculate the greatest common divisor of 1317242 and 202.
202
What is the highest common factor of 6629 and 112?
7
Calculate the highest common factor of 20 and 1662840.
20
What is the greatest common divisor of 13806 and 270?
18
Calculate the greatest common factor of 526 and 614105.
263
What is the greatest common factor of 5730 and 270?
30
Calculate the greatest common factor of 2392 and 33592.
104
What is the highest common factor of 307 and 6863599?
307
Calculate the highest common factor of 51 and 61829.
17
What is the highest common divisor of 175 and 567?
7
Calculate the greatest common divisor of 561340 and 340.
340
Calculate the highest common factor of 77742 and 252.
126
Calculate the highest common divisor of 12357 and 261.
9
What is the highest common divisor of 10438 and 714?
34
Calculate the highest common factor of 13384 and 200.
8
Calculate the highest common divisor of 15876 and 192.
12
Calculate the greatest common divisor of 21 and 34930.
7
What is the greatest common factor of 2200084 and 4540?
908
Calculate the highest common factor of 1424 and 24742.
178
Calculate the highest common factor of 1988184 and 33.
33
What is the greatest common factor of 366 and 499346?
122
Calculate the highest common factor of 21615 and 18810.
165
Calculate the greatest common factor of 1469309 and 331.
331
What is the greatest common divisor of 78661 and 22?
11
What is the greatest common divisor of 268 and 12395?
67
Calculate the greatest common factor of 165 and 3421.
11
Calculate the highest common factor of 10668 and 168.
84
What is the highest common divisor of 60 and 290250?
30
Calculate the highest common factor of 16 and 1125.
1
What is the highest common divisor of 84 and 526022?
14
What is the greatest common divisor of 364927 and 511?
73
What is the highest common factor of 520 and 15880?
40
What is the greatest common divisor of 4718 and 896?
14
Calculate the highest common divisor of 56 and 519393.
7
Calculate the highest common divisor of 10545 and 55.
5
What is the greatest common divisor of 12 and 145668?
12
What is the highest common divisor of 42350 and 13090?
770
Calculate the highest common factor of 139655 and 3445.
265
Calculate the greatest common divisor of 665420 and 60.
20
Calculate the highest common divisor of 14750 and 329810.
590
What is the greatest common divisor of 91 and 7525?
7
What is the highest common factor of 23200 and 75?
25
Calculate the highest common divisor of 45 and 40965.
15
Calculate the greatest common factor of 192723 and 1362.
681
What is the greatest common factor of 5 and 13465?
5
Calculate the greatest common divisor of 16 and 3651152.
16
What is the greatest common divisor of 208862 and 51?
17
What is the greatest common factor of 29 and 2794208?
29
What is the greatest common factor of 81716 and 24383?
659
Calculate the highest common factor of 1306705 and 51.
17
Calculate the highest common divisor of 1052 and 6904802.
526
What is the highest common factor of 99 and 4615974?
99
Calculate the greatest common divisor of 231 and 311883.
33
What is the highest common factor of 1470 and 213930?
30
What is the highest common divisor of 968012 and 271?
271
Calculate the highest common factor of 2584 and 3043.
17
Calculate the greatest common factor of 8 and 247.
1
What is the greatest common divisor of 54 and 939222?
54
Calculate the highest common factor of 60 and 3414144.
12
Calculate the highest common factor of 7294 and 3094.
14
What is the greatest common factor of 106 and 436349?
53
Calculate the highest common divisor of 9040044 and 104.
52
What is the highest common factor of 188349 and 42?
21
Calculate the highest common factor of 1214486 and 14.
14
Calculate the greatest common factor of 20821 and 1739.
47
Calculate the highest common factor of 2005560 and 1134.
162
Calculate the highest common divisor of 5700 and 2025.
75
Calculate the highest common factor of 2232 and 4436.
4
What is the highest common factor of 18 and 188235?
9
What is the greatest common factor of 3978 and 289?
17
Calculate the greatest common divisor of 1817 and 3312.
23
What is the greatest common divisor of 6817923 and 93?
93
Calculate the greatest common divisor of 870 and 60.
30
Calculate the highest common divisor of 10995 and 9375.
15
Calculate the greatest common divisor of 197260 and 8.
4
Calculate the greatest common factor of 2145 and 4680.
195
Calculate the highest common factor of 15518 and 2.
2
What is the greatest common divisor of 122028 and 21?
3
What is the greatest common factor of 83 and 12865?
83
What is the greatest common factor of 846 and 12?
6
Calculate the highest common factor of 753 and 6651.
3
What is the highest common divisor of 217918 and 2?
2
What is the greatest common factor of 535 and 207794?
107
Calculate the highest common factor of 2140 and 2940.
20
Calculate the greatest common factor of 60609 and 2670.
267
What is the highest common factor of 189 and 35077?
7
What is the highest common divisor of 52528 and 19600?
784
Calculate the greatest common factor of 372 and 250108.
124
Calculate the highest common divisor of 378 and 34284.
6
What is the greatest common factor of 548701 and 741?
19
Calculate the greatest common factor of 408 and 3643848.
408
What is the highest common factor of 959560 and 4768?
1192
Calculate the greatest common factor of 4 and 1692820.
4
Calculate the highest common factor of 7076 and 1160.
116
Calculate the highest common